(-8)/4 + (2 - -2). Let i be x(w). Let h be 17 - (i + -2 + 5). What is the highest common divisor of 52 and h?
13
Let x be (-11)/(-4) + 2/8. Let u = 34 + -20. Let f = u - 11. What is the highest common divisor of x and f?
3
Let m = 54 - 52. Calculate the highest common factor of m and 3.
1
Let d = -7 - -9. Suppose 1 = -d*l + l. Let f be -12*((-16)/12 - l). What is the highest common divisor of f and 10?
2
Suppose -12*y + 196 + 344 = 0. Suppose -a = -3 - 6. Suppose -4*c = -a*c + y. What is the greatest common divisor of 18 and c?
9
Suppose 4*c + 2*o = -30, 5*o + 4 = -11. Let x = 7 - c. What is the greatest common factor of x and 169?
13
Suppose 3*k - 333 = 342. Calculate the greatest common factor of k and 45.
45
Suppose 0 = 9*v - 15*v + 360. Let l = -165 - -265. What is the greatest common factor of v and l?
20
Let f = -14 + 34. What is the greatest common factor of f and 110?
10
Let b(a) = -a**3 + 8*a**2 - 6*a + 4. Suppose -4 = 4*r, r + 29 = 4*j - 4*r. Let l be b(j). Calculate the greatest common factor of l and 100.
20
Let w(o) be the first derivative of 5*o**3/3 - 7*o**2/2 - 12*o + 7. Let y be w(-6). What is the greatest common divisor of y and 30?
30
Let s(z) = 3*z**2 - 4*z - 29. Let f be s(5). Calculate the highest common factor of f and 169.
13
Let m = -10 + 7. Let i be (-272)/(-24) - 2/m. Suppose 0 = 15*s - 19*s + 48. What is the highest common factor of s and i?
12
Suppose 4*u - 2*u - 4 = 0. Let v be 10 + (6 - u)/2. Calculate the greatest common divisor of v and 4.
4
Let v = -1806 - -2211. What is the greatest common factor of 75 and v?
15
Let i = 5 + -11. Let y be 6*(0 + 3/i). Let p be (7 + y)*24/4. What is the greatest common divisor of 60 and p?
12
Let y = -35 - -50. Let z(q) = 3*q - 3. Let d be z(6). What is the greatest common factor of y and d?
15
Let l(p) = -p**3 - 3*p**2 + p. Let c be l(-2). Let v be 51/(-2)*8/c. Suppose -v = -5*o + 31. What is the greatest common divisor of 13 and o?
13
Let n(q) = 5*q**2 - 94*q + 78. Let t be n(19). Calculate the greatest common divisor of t and 291.
97
Suppose 0 = 4*d - 4. Suppose -d = -3*h + 8, -h = 2*l - 7. Let t(k) = -2*k - 8. Let s be t(-11). Calculate the greatest common factor of l and s.
2
Suppose 4*u + 256 = 3*j, 5*j + 4*u - 501 + 21 = 0. What is the greatest common divisor of 184 and j?
92
Suppose u + 5*d = 39, -242*d + 237*d + 83 = 2*u. Suppose 0*v - 3*v + 33 = 0. What is the greatest common divisor of u and v?
11
Let y(n) = 17*n**2 - 175*n + 113. Let a(u) = 6*u**2 - 59*u + 38. Let b(t) = 11*a(t) - 4*y(t). Let d be b(24). Calculate the highest common factor of d and 152.
38
Let s = 481 + -297. Calculate the greatest common divisor of s and 276.
92
Suppose 4*d = -5*i + 187, 0*d + 4*d = i - 23. Let s = i - 6. Suppose r - s = 4. What is the greatest common factor of r and 11?
11
Suppose 0 = 2*g - 10 + 4. Suppose -g*r - 6*i = -7*i - 328, 4*r - 452 = 5*i. What is the greatest common divisor of r and 12?
12
Suppose 4*b - 8*b = -92. Suppose -2*q = -b + 7. Calculate the greatest common divisor of 4 and q.
4
Let a = -33 + 35. Let r be 52/a*7*(-2)/(-28). What is the highest common divisor of r and 221?
13
Let w be 3074/12 - (-34)/(-204). What is the highest common factor of 32 and w?
32
Let u be 285/60 - (-1)/4. Suppose 7*l = u*l. Suppose 2*w - 4 - 2 = l. Calculate the highest common factor of w and 9.
3
Let i = 125 + 11. Suppose -5*s + i = -89. Calculate the greatest common factor of s and 495.
45
Suppose -68 - 64 = 4*p. Let w = p - -51. Suppose -22*j + 13*j + 108 = 0. Calculate the highest common divisor of j and w.
6
Suppose 0 = 6*y - 1789 + 1537. What is the highest common factor of y and 28?
14
Suppose -1960 = -114*j + 107*j. Calculate the greatest common factor of j and 56.
56
Let k = 246 - 178. What is the highest common divisor of k and 8?
4
Suppose -4*n - n + 3*v = -3, 3*v - 6 = 2*n. Suppose q - 3*q = -4*x - 12, 0 = -n*x. Calculate the greatest common factor of q and 3.
3
Let x be 4/22 - 4592/(-154). Let h = -5 + 8. Let w(j) = j**3 + j**2 + 3*j. Let s be w(h). Calculate the highest common factor of x and s.
15
Let h(c) = -c**3 - 14*c**2 + 29*c - 36. Suppose 2*f - 96 = 8*f. Let z be h(f). What is the highest common divisor of 132 and z?
12
Let t = 304 - 294. What is the highest common factor of 6 and t?
2
Suppose 8*s = -3*s + 440. What is the greatest common divisor of 8 and s?
8
Suppose -52*b + 55*b - 6 = 0. Suppose 3*x - 51 = -k - b*k, 4*k - 2*x - 68 = 0. What is the greatest common factor of k and 119?
17
Let v(c) = 34*c**2 - 11*c - 5. Let k be 38/(-8) + 5/(-20). Let y be v(k). Suppose y = 3*i + 2*i. What is the highest common factor of i and 20?
20
Let t(q) be the second derivative of -q**5/20 - 7*q**4/4 - q**3/2 - 29*q**2/2 + 12*q. Let w be t(-21). Calculate the greatest common divisor of w and 272.
34
Let r be (5*-10)/(0 - 2). Suppose 0 = 3*v - 0 - 6, v = -2*l - 266. Let w = l - -259. Calculate the highest common divisor of r and w.
25
Let z be (-4)/(-6)*2/(-4)*-42. Suppose 9*i - z*i + 30 = 0. Calculate the greatest common divisor of 66 and i.
6
Suppose -2*x + 52 = 2*n, 9 = -3*n - 5*x + 89. What is the highest common factor of 5 and n?
5
Suppose 0*c = -4*n + 3*c + 34, 0 = -3*n + c + 28. Suppose 232*w - 3300 = 202*w. Calculate the greatest common divisor of n and w.
10
Let l(c) be the second derivative of 9*c**3/2 - 9*c**2/2 + c. Let o be l(3). What is the greatest common divisor of 9 and o?
9
Let b = 26193 - 26129. Suppose 5*n - 7 = 13. Suppose n*c - c = 24. Calculate the greatest common divisor of b and c.
8
Suppose -2*c - 520 = -3*f, 0 = -4*f - f + 5*c + 860. Let l be 22/12*2*6. Calculate the greatest common factor of f and l.
22
Let h(y) = -y**2 - 35*y + 28. Let f be h(-12). Let u(l) = 36*l + 2. Let b be u(1). What is the highest common divisor of b and f?
38
Let p = -100 - -108. What is the highest common divisor of p and 112?
8
Let u(s) = 5*s**2 + 15*s - 12. Suppose 0 = 2*m - 12*m - 70. Let n be u(m). Calculate the highest common divisor of 16 and n.
16
Let m(s) = -3*s**3 - 2*s**2 - 5*s - 2. Let g be (-4 - -7) + -2*3. Let h be m(g). Let l = h + -46. What is the highest common divisor of 75 and l?
15
Let o be (0 + 2)/(-14) + (-715)/(-7). Calculate the greatest common divisor of 272 and o.
34
Suppose 3 = -q + 2*q. Let a be 922/6 + 1/q. Calculate the highest common factor of a and 22.
22
Let t(w) = -w - 4. Let z be t(2). Let p be 32/6*(z - -9). Let j(x) = x**3 + 7*x**2 + 6*x. Let n be j(-4). Calculate the highest common factor of n and p.
8
Let u be 0 + 2 + 232 - 0. Suppose 0 = 7*o - 2*o - 2*o. Suppose -2*i - 60 = -2*s - o*i, 138 = 5*s - 2*i. What is the greatest common factor of s and u?
26
Let p(q) = -q**2 + 5*q + 7. Let i(w) = 2*w + 2. Let j be i(3). Let m be p(j). Let d = -16 - m. Calculate the greatest common factor of 1 and d.
1
Let c(i) = -7*i**2 - 4 + 0*i + 2*i**3 + 7*i + 0*i**3. Let j be c(4). Suppose 2*k + 2*k = j. What is the greatest common factor of k and 90?
10
Let x be (-1 + 2 - -599)*2/4. What is the greatest common divisor of x and 24?
12
Suppose -d + 4*t + 1 = 10, -5*d + 5*t = 0. Suppose 27 = 4*q + d. Suppose 0 = q*h - 3*h - 96. Calculate the greatest common divisor of h and 4.
4
Suppose -5390 = -8*n - 14*n. What is the highest common divisor of n and 5?
5
Let f be ((-22)/4)/(16/32). Let x = 24 + f. Calculate the highest common divisor of x and 52.
13
Let x = 462 + -385. Calculate the highest common factor of x and 385.
77
Let b be (496/24 - 24)/((-2)/54). Let r be (-4)/(-3)*(1 + 14). Calculate the greatest common divisor of r and b.
10
Suppose -z - 10 = -4*u - 2*z, -3*u = -2*z - 13. Let w be 35/15 + u/(-9). Let c(n) = 4*n. Let y be c(w). What is the greatest common factor of y and 64?
8
Suppose w - 6*w - 1 = 3*t, -t - 3 = 3*w. Let s be (-1)/(1/(28/w)). Calculate the greatest common factor of 14 and s.
14
Let b be (5/(-6))/((-1)/12). Calculate the highest common factor of 30 and b.
10
Let c be -2 + 6584/18 - 38/(-171). What is the highest common divisor of c and 273?
91
Let v(x) = 12*x - 129. Let j be v(18). Calculate the greatest common divisor of 58 and j.
29
Let r = -74 + 98. Suppose p - 12*p = -1320. What is the highest common divisor of p and r?
24
Suppose -5*p = 2*i - 116, -5*p + 4*i = -0*i - 98. What is the greatest common divisor of p and 55?
11
L